1, 1103
What are the prime factors of 16202324?
2, 4050581
What are the prime factors of 1662506?
2, 831253
List the prime factors of 33819.
3, 11273
What are the prime factors of 152639?
152639
What are the prime factors of 1315216?
2, 7, 11743
List the prime factors of 10888855.
5, 107, 20353
List the prime factors of 4856524.
2, 1214131
What are the prime factors of 500026?
2, 250013
What are the prime factors of 3390371?
3390371
What are the prime factors of 2825567?
2825567
What are the prime factors of 1015947?
3, 157, 719
List the prime factors of 527936.
2, 73, 113
What are the prime factors of 2476350?
2, 3, 5, 5503
What are the prime factors of 26703?
3, 23, 43
List the prime factors of 29191481.
11, 157, 16903
List the prime factors of 10512682.
2, 5256341
List the prime factors of 5963862.
2, 3, 993977
What are the prime factors of 1933553?
67, 28859
What are the prime factors of 9100?
2, 5, 7, 13
List the prime factors of 337840.
2, 5, 41, 103
What are the prime factors of 821193?
3, 29, 9439
List the prime factors of 273293.
67, 4079
What are the prime factors of 23467?
31, 757
List the prime factors of 3952992.
2, 3, 41177
List the prime factors of 231142.
2, 115571
What are the prime factors of 7054?
2, 3527
What are the prime factors of 5676246?
2, 3, 97, 3251
What are the prime factors of 22518020?
2, 5, 7, 41, 3923
List the prime factors of 649512.
2, 3, 31, 97
What are the prime factors of 12669246?
2, 3, 41, 17167
List the prime factors of 276955.
5, 7, 41, 193
List the prime factors of 359317.
7, 7333
What are the prime factors of 165588?
2, 3, 13799
What are the prime factors of 70567?
7, 17, 593
List the prime factors of 4528129.
1213, 3733
What are the prime factors of 1530792?
2, 3, 19, 373
What are the prime factors of 26431177?
26431177
What are the prime factors of 410173?
410173
List the prime factors of 8044063.
149, 53987
What are the prime factors of 294689?
157, 1877
What are the prime factors of 607957?
7, 86851
List the prime factors of 76585.
5, 17, 53
What are the prime factors of 162603?
3, 7, 29, 89
What are the prime factors of 186427?
41, 4547
List the prime factors of 922993.
922993
List the prime factors of 999007.
999007
What are the prime factors of 141338?
2, 17, 4157
What are the prime factors of 1759951?
19, 211, 439
What are the prime factors of 4327066?
2, 937, 2309
What are the prime factors of 1435034?
2, 73, 9829
What are the prime factors of 1795829?
7, 17, 15091
List the prime factors of 470530.
2, 5, 211, 223
What are the prime factors of 293752?
2, 73, 503
What are the prime factors of 1722612?
2, 3, 143551
List the prime factors of 132534.
2, 3, 37, 199
List the prime factors of 1689496.
2, 211187
What are the prime factors of 1289107?
73, 17659
What are the prime factors of 677438?
2, 59, 5741
List the prime factors of 1484448.
2, 3, 7, 47
List the prime factors of 2225229.
3, 283, 2621
List the prime factors of 109499.
13, 8423
List the prime factors of 408006.
2, 3, 19, 1193
What are the prime factors of 894117?
3, 7, 42577
List the prime factors of 2752264.
2, 19, 953
What are the prime factors of 3648372?
2, 3, 7, 13, 257
List the prime factors of 99049.
37, 2677
What are the prime factors of 273466?
2, 136733
What are the prime factors of 9342282?
2, 3, 17, 91591
List the prime factors of 1001085.
3, 5, 66739
What are the prime factors of 180138?
2, 3, 7, 4289
What are the prime factors of 512711?
512711
What are the prime factors of 2060827?
29, 179, 397
List the prime factors of 2620327.
1399, 1873
List the prime factors of 2016850.
2, 5, 11, 19, 193
List the prime factors of 15204909.
3, 23, 220361
What are the prime factors of 1177436?
2, 13, 22643
List the prime factors of 6721723.
6721723
List the prime factors of 634424.
2, 7, 11329
What are the prime factors of 17860810?
2, 5, 11, 29, 509
List the prime factors of 6866706.
2, 3, 7, 11, 89, 167
What are the prime factors of 1560502?
2, 61, 12791
List the prime factors of 3397313.
3397313
List the prime factors of 1782011.
7, 11, 23143
What are the prime factors of 383658?
2, 3, 11, 5813
List the prime factors of 85158.
2, 3, 19, 83
List the prime factors of 414598.
2, 23, 9013
What are the prime factors of 1137971?
23, 49477
What are the prime factors of 260037?
3, 9631
List the prime factors of 439557.
3, 146519
List the prime factors of 146261.
37, 59, 67
What are the prime factors of 325218?
2, 3, 67, 809
What are the prime factors of 13017892?
2, 31, 277, 379
List the prime factors of 4410533.
211, 20903
List the prime factors of 229384.
2, 53, 541
What are the prime factors of 5732844?
2, 3, 13, 36749
List the prime factors of 288353.
13, 41, 541
List the prime factors of 1877137.
1877137
List the prime factors of 686491.
13, 52807
What are the prime factors of 977843?
89, 10987
What are the prime factors of 5247009?
3, 181, 3221
List the prime factors of 1643963.
1643963
List the prime factors of 5057495.
5, 31, 67, 487
List the prime factors of 3783232.
2, 59113
List the prime factors of 2032119.
3, 23, 9817
What are the prime factors of 152376?
2, 3, 7, 907
What are the prime factors of 772775?
5, 30911
What are the prime factors of 10056770?
2, 5, 1005677
What are the prime factors of 24109932?
2, 3, 7, 11, 97, 269
What are the prime factors of 6360449?
6360449
What are the prime factors of 4866532?
2, 11, 110603
List the prime factors of 11881243.
11, 59, 18307
What are the prime factors of 4422999?
3, 7, 210619
List the prime factors of 23154034.
2, 17, 681001
What are the prime factors of 65609?
65609
What are the prime factors of 14738370?
2, 3, 5, 491279
List the prime factors of 3254984.
2, 406873
What are the prime factors of 2168014?
2, 19, 59, 967
What are the prime factors of 268634?
2, 17, 7901
What are the prime factors of 961943?
961943
What are the prime factors of 3762140?
2, 5, 188107
List the prime factors of 260133.
3, 86711
List the prime factors of 2115057.
3, 7, 23, 29, 151
List the prime factors of 159837.
3, 53279
What are the prime factors of 15694695?
3, 5, 116257
List the prime factors of 235007.
235007
What are the prime factors of 297129?
3, 7, 14149
List the prime factors of 617436.
2, 3, 5717
List the prime factors of 10859809.
311, 34919
List the prime factors of 7106126.
2, 23, 241, 641
List the prime factors of 116533.
116533
List the prime factors of 105330.
2, 3, 5, 3511
List the prime factors of 2469669.
3, 29, 28387
List the prime factors of 24293117.
373, 65129
What are the prime factors of 26504267?
2503, 10589
What are the prime factors of 881283?
3, 13, 59, 383
What are the prime factors of 14133248?
2, 67, 103
List the prime factors of 4958809.
619, 8011
What are the prime factors of 13035103?
71, 183593
List the prime factors of 1662285.
3, 5, 110819
List the prime factors of 3133440.
2, 3, 5, 17
List the prime factors of 145674.
2, 3, 8093
What are the prime factors of 5773416?
2, 3, 11, 19, 1151
What are the prime factors of 164400?
2, 3, 5, 137
List the prime factors of 9238.
2, 31, 149
List the prime factors of 1176514.
2, 588257
List the prime factors of 1716263.
1716263
What are the prime factors of 382467?
3, 23, 241
List the prime factors of 8175175.
5, 327007
List the prime factors of 782642.
2, 7, 55903
What are the prime factors of 323239?
7, 61, 757
List the prime factors of 5759545.
5, 11, 23, 29, 157
What are the prime factors of 363084?
2, 3, 79, 383
What are the prime factors of 16818?
2, 3, 2803
What are the prime factors of 19187270?
2, 5, 29, 109, 607
What are the prime factors of 1694674?
2, 37, 22901
List the prime factors of 1580114.
2, 790057
What are the prime factors of 15892919?
7, 191, 11887
List the prime factors of 14840194.
2, 7420097
What are the prime factors of 826989?
3, 181, 1523
List the prime factors of 268091.
268091
List the prime factors of 300617.
521, 577
List the prime factors of 19763457.
3, 7, 941117
List the prime factors of 560979.
3, 79, 263
List the prime factors of 30304372.
2, 7, 401, 2699
What are the prime factors of 9106762?
2, 7, 650483
List the prime factors of 2256098.
2, 13, 19, 4567
List the prime factors of 327798.
2, 3, 18211
List the prime factors of 8554373.
8554373
What are the prime factors of 163703?
1